{"id":15,"date":"2026-03-04T18:26:38","date_gmt":"2026-03-04T15:26:38","guid":{"rendered":"https:\/\/www.afiyetburada.com\/index.php\/home-2\/"},"modified":"2026-03-05T17:14:10","modified_gmt":"2026-03-05T14:14:10","slug":"home-2","status":"publish","type":"page","link":"https:\/\/www.afiyetburada.com\/","title":{"rendered":"Ana Sayfa"},"content":{"rendered":"\n<div class=\"wp-block-uagb-container uagb-block-abb85a82 alignfull uagb-is-root-container\"><div class=\"uagb-container-inner-blocks-wrap\">\n<div class=\"wp-block-uagb-info-box uagb-block-2ba65764 uagb-infobox__content-wrap  uagb-infobox-icon-above-title uagb-infobox-image-valign-top wp-block-uagb-info-box--has-margin\"><div class=\"uagb-infobox-margin-wrapper\"><div class=\"uagb-ifb-content\"><div class=\"uagb-ifb-title-wrap\"><span class=\"uagb-ifb-title-prefix\">Do\u011fal Lezzetler<\/span><h1 class=\"uagb-ifb-title\">Her Dama\u011f\u0131n\u0131za Uygun Organik \u00dcr\u00fcnler<\/h1><\/div><p class=\"uagb-ifb-desc\">\n        T\u00fcrkiye&#8217;nin d\u00f6rt bir yan\u0131ndan gelen do\u011fal ve sa\u011fl\u0131kl\u0131 \u00fcr\u00fcnler ile lezzet yolculu\u011funa \u00e7\u0131k\u0131n. \n        Afiyet Burada, kaliteyi sizlere sunuyor.\n      <\/p><div class=\"uagb-ifb-button-wrapper wp-block-button\"><a href=\"index.php\/magaza\/\" class=\"uagb-infobox-cta-link wp-block-button__link\" target=\"_self\" rel=\"noopener noreferrer\" onclick=\"return true;\"><span class=\"uagb-inline-editing\">Al\u0131\u015fveri\u015fe Ba\u015fla<\/span><\/a><\/div><\/div><\/div><\/div>\n\n\n\n<div class=\"wp-block-uagb-image aligncenter uagb-block-f8b35cf0 wp-block-uagb-image--layout-default wp-block-uagb-image--effect-static wp-block-uagb-image--align-center\"><figure class=\"wp-block-uagb-image__figure\"><img decoding=\"async\" srcset=\"https:\/\/multipurpose26.ziptemplates.top\/wp-content\/uploads\/2024\/06\/heros-img-1024x627.jpg ,https:\/\/multipurpose26.ziptemplates.top\/wp-content\/uploads\/2024\/06\/heros-img-scaled.jpg 780w, https:\/\/multipurpose26.ziptemplates.top\/wp-content\/uploads\/2024\/06\/heros-img-scaled.jpg 360w\" sizes=\"auto, (max-width: 480px) 150px\" src=\"https:\/\/multipurpose26.ziptemplates.top\/wp-content\/uploads\/2024\/06\/heros-img-1024x627.jpg\" alt=\"Heros Img 1024x627\" class=\"uag-image-291\" width=\"1200\" height=\"600\" title=\"heros-img\" loading=\"lazy\" role=\"img\"><\/figure><\/div>\n<\/div><\/div>\n\n\n\n<div class=\"wp-block-uagb-container uagb-block-eb2c8490 default uagb-is-root-container\">\n<div class=\"wp-block-uagb-advanced-heading uagb-block-9ab6255a\"><h2 class=\"uagb-heading-text\">Hizmetlerimiz<\/h2><div class=\"uagb-separator\"><\/div><\/div>\n\n\n\n<div class=\"wp-block-uagb-container uagb-block-891e0dd8\">\n<div class=\"wp-block-uagb-info-box uagb-block-ecab534c uagb-infobox__content-wrap  uagb-infobox-icon-above-title uagb-infobox-image-valign-top\"><div class=\"uagb-ifb-content\"><div class=\"uagb-ifb-title-wrap\"><span class=\"uagb-ifb-title-prefix\">01.<\/span><h3 class=\"uagb-ifb-title\">Yerel Lezzetler<\/h3><\/div><p class=\"uagb-ifb-desc\">Y\u00f6resel do\u011fal g\u0131da ve sa\u011fl\u0131k \u00fcr\u00fcnleri ile sa\u011fl\u0131kl\u0131 ya\u015famaya te\u015fvik ediyoruz.<\/p><div class=\"uagb-ifb-button-wrapper wp-block-button\"><a href=\"index.php\/services\/\" target=\"_self\" onclick=\"return true;\" class=\"uagb-infobox-cta-link\" rel=\"noopener noreferrer\"><span class=\"uagb-inline-editing\">Daha Fazla Oku<\/span><\/a><\/div><\/div><\/div>\n\n\n\n<div class=\"wp-block-uagb-info-box uagb-block-54195add uagb-infobox__content-wrap  uagb-infobox-icon-above-title uagb-infobox-image-valign-top\"><div class=\"uagb-ifb-content\"><div class=\"uagb-ifb-title-wrap\"><span class=\"uagb-ifb-title-prefix\">02.<\/span><h3 class=\"uagb-ifb-title\">H\u0131zl\u0131 Teslimat<\/h3><\/div><p class=\"uagb-ifb-desc\">Taze ve do\u011fal \u00fcr\u00fcnleriniz kap\u0131n\u0131za h\u0131zl\u0131ca getiriliyor.<\/p><div class=\"uagb-ifb-button-wrapper wp-block-button\"><a href=\"index.php\/services\/\" target=\"_self\" onclick=\"return true;\" class=\"uagb-infobox-cta-link\" rel=\"noopener noreferrer\"><span class=\"uagb-inline-editing\">Daha Fazla Oku<\/span><\/a><\/div><\/div><\/div>\n\n\n\n<div class=\"wp-block-uagb-info-box uagb-block-6881abda uagb-infobox__content-wrap  uagb-infobox-icon-above-title uagb-infobox-image-valign-top\"><div class=\"uagb-ifb-content\"><div class=\"uagb-ifb-title-wrap\"><span class=\"uagb-ifb-title-prefix\">03.<\/span><h3 class=\"uagb-ifb-title\">Bayiler \u0130\u00e7in Portal<\/h3><\/div><p class=\"uagb-ifb-desc\">Bayilerimize \u00f6zel giri\u015f imkan\u0131 ile i\u015f s\u00fcre\u00e7lerini kolayla\u015ft\u0131r\u0131yoruz.<\/p><div class=\"uagb-ifb-button-wrapper wp-block-button\"><a href=\"index.php\/services\/\" target=\"_self\" onclick=\"return true;\" class=\"uagb-infobox-cta-link\" rel=\"noopener noreferrer\"><span class=\"uagb-inline-editing\">Daha Fazla Oku<\/span><\/a><\/div><\/div><\/div>\n<\/div>\n<\/div>\n\n\n\n<div class=\"wp-block-uagb-container uagb-layout-grid uagb-block-09a2dff8 alignfull uagb-is-root-container\"><div class=\"uagb-container-inner-blocks-wrap\">\n<div class=\"wp-block-uagb-container uagb-block-92559a39\">\n<div class=\"wp-block-uagb-image alignleft uagb-block-642acdb2 wp-block-uagb-image--layout-default wp-block-uagb-image--effect-static wp-block-uagb-image--align-left\"><figure class=\"wp-block-uagb-image__figure\"><img decoding=\"async\" srcset=\"https:\/\/multipurpose26.ziptemplates.top\/wp-content\/uploads\/2024\/05\/about-us-01.jpg ,https:\/\/multipurpose26.ziptemplates.top\/wp-content\/uploads\/2024\/05\/about-us-01.jpg 780w, https:\/\/multipurpose26.ziptemplates.top\/wp-content\/uploads\/2024\/05\/about-us-01.jpg 360w\" sizes=\"auto, (max-width: 480px) 150px\" src=\"https:\/\/multipurpose26.ziptemplates.top\/wp-content\/uploads\/2024\/05\/about-us-01.jpg\" alt=\"About Us 01\" class=\"uag-image-73\" width=\"310\" height=\"500\" title=\"about-us-01\" loading=\"lazy\" role=\"img\"><\/figure><\/div>\n\n\n\n<div class=\"wp-block-uagb-image alignleft uagb-block-7a06ecd8 wp-block-uagb-image--layout-default wp-block-uagb-image--effect-static wp-block-uagb-image--align-left uag-hide-tab uag-hide-mob\"><figure class=\"wp-block-uagb-image__figure\"><img decoding=\"async\" srcset=\"https:\/\/multipurpose26.ziptemplates.top\/wp-content\/uploads\/2024\/05\/about-us-02.jpg ,https:\/\/multipurpose26.ziptemplates.top\/wp-content\/uploads\/2024\/05\/about-us-02.jpg 780w, https:\/\/multipurpose26.ziptemplates.top\/wp-content\/uploads\/2024\/05\/about-us-02.jpg 360w\" sizes=\"auto, (max-width: 480px) 150px\" src=\"https:\/\/multipurpose26.ziptemplates.top\/wp-content\/uploads\/2024\/05\/about-us-02.jpg\" alt=\"About Us 02\" class=\"uag-image-74\" width=\"310\" height=\"500\" title=\"about-us-02\" loading=\"lazy\" role=\"img\"><\/figure><\/div>\n<\/div>\n\n\n\n<div class=\"wp-block-uagb-info-box uagb-block-2f2beea1 uagb-infobox__content-wrap  uagb-infobox-icon-above-title uagb-infobox-image-valign-top\"><div class=\"uagb-ifb-content\"><div class=\"uagb-ifb-title-wrap\"><h2 class=\"uagb-ifb-title-prefix\">Biz Kimiz?<\/h2><div class=\"uagb-ifb-separator\"><\/div><h3 class=\"uagb-ifb-title\">T\u00fcrkiye\u2019nin do\u011fal g\u0131da \u00fcr\u00fcnleriyle dolu bir yolculu\u011fa \u00e7\u0131k\u0131n.<\/h3><\/div><p class=\"uagb-ifb-desc\">Afiyet Burada, do\u011fal ve organik g\u0131da \u00fcr\u00fcnleri sunan, sa\u011fl\u0131kl\u0131 ya\u015fam\u0131 destekleyen bir e-ticaret platformudur. Amac\u0131m\u0131z, en taze \u00fcr\u00fcnleri sizlere ula\u015ft\u0131rmakt\u0131r.<\/p><div class=\"uagb-ifb-button-wrapper wp-block-button\"><a href=\"index.php\/about\/\" class=\"uagb-infobox-cta-link wp-block-button__link\" target=\"_self\" rel=\"noopener noreferrer\" onclick=\"return true;\"><span class=\"uagb-inline-editing\">Daha Fazla Oku<\/span><\/a><\/div><\/div><\/div>\n<\/div><\/div>\n\n\n\n<div class=\"wp-block-uagb-container uagb-layout-flex uagb-block-e06056a5 default uagb-is-root-container\">\n<div class=\"wp-block-uagb-advanced-heading uagb-block-a5d004a0\"><div class=\"uagb-separator\"><\/div><h2 class=\"uagb-heading-text\">Do\u011fal \u00dcr\u00fcnlerle Sa\u011fl\u0131kl\u0131 Ya\u015fam\u0131na Ba\u015fla<\/h2><\/div>\n\n\n\n<div class=\"wp-block-uagb-buttons uagb-buttons__outer-wrap uagb-btn__default-btn uagb-btn-tablet__default-btn uagb-btn-mobile__default-btn uagb-block-1bbd60f4\"><div class=\"uagb-buttons__wrap uagb-buttons-layout-wrap \">\n<div class=\"wp-block-uagb-buttons-child uagb-buttons__outer-wrap uagb-block-b2e393f2 wp-block-button\"><div class=\"uagb-button__wrapper\"><a class=\"uagb-buttons-repeater wp-block-button__link\" aria-label=\"\" href=\"index.php\/magaza\/\" rel=\"follow noopener\" target=\"_self\" role=\"button\"><div class=\"uagb-button__link\">Al\u0131\u015fveri\u015fe Ba\u015fla<\/div><\/a><\/div><\/div>\n<\/div><\/div>\n<\/div>\n\n\n\n<div class=\"wp-block-uagb-container uagb-block-5437e5fe alignfull uagb-is-root-container\"><div class=\"uagb-container-inner-blocks-wrap\">\n<div class=\"wp-block-uagb-advanced-heading uagb-block-7ae2d4dc\"><h2 class=\"uagb-heading-text\">Neden Biz?<\/h2><div class=\"uagb-separator\"><\/div><\/div>\n\n\n\n<div class=\"wp-block-uagb-container uagb-layout-grid uagb-block-33274078\">\n<div class=\"wp-block-uagb-advanced-heading uagb-block-8b6b4270\"><h3 class=\"uagb-heading-text\">01<\/h3><\/div>\n\n\n\n<div class=\"wp-block-uagb-advanced-heading uagb-block-5730315d\"><h3 class=\"uagb-heading-text\">Do\u011fall\u0131k<\/h3><\/div>\n\n\n\n<div class=\"wp-block-uagb-advanced-heading uagb-block-204d1a8b\"><p class=\"uagb-heading-text\">T\u00fcm \u00fcr\u00fcnlerimiz tamamen do\u011fal ve organik sertifikal\u0131d\u0131r. Sa\u011fl\u0131\u011f\u0131n\u0131z i\u00e7in en iyi se\u00e7imleri sunuyoruz.<\/p><\/div>\n<\/div>\n\n\n\n<div class=\"wp-block-uagb-container uagb-layout-grid uagb-block-4e102004\">\n<div class=\"wp-block-uagb-advanced-heading uagb-block-cdaed719\"><h3 class=\"uagb-heading-text\">02<\/h3><\/div>\n\n\n\n<div class=\"wp-block-uagb-advanced-heading uagb-block-cc12e72a\"><h3 class=\"uagb-heading-text\">Yerel \u00dcr\u00fcnler<\/h3><\/div>\n\n\n\n<div class=\"wp-block-uagb-advanced-heading uagb-block-4906a36c\"><p class=\"uagb-heading-text\">T\u00fcrkiye&#8217;nin d\u00f6rt bir yan\u0131ndan gelen, yerel \u00fcreticiler taraf\u0131ndan sa\u011flanan benzersiz lezzetleri ke\u015ffedin.<\/p><\/div>\n<\/div>\n\n\n\n<div class=\"wp-block-uagb-container uagb-layout-grid uagb-block-c6f9629e\">\n<div class=\"wp-block-uagb-advanced-heading uagb-block-926e7242\"><h3 class=\"uagb-heading-text\">03<\/h3><\/div>\n\n\n\n<div class=\"wp-block-uagb-advanced-heading uagb-block-853ff8a0\"><h3 class=\"uagb-heading-text\">H\u0131zl\u0131 Teslimat<\/h3><\/div>\n\n\n\n<div class=\"wp-block-uagb-advanced-heading uagb-block-770ca4df\"><p class=\"uagb-heading-text\">Sipari\u015flerinizi en k\u0131sa s\u00fcrede kap\u0131n\u0131za kadar getiriyoruz, b\u00f6ylece her zaman taze \u00fcr\u00fcnler alabilirsiniz.<\/p><\/div>\n<\/div>\n<\/div><\/div>\n\n\n\n<div class=\"wp-block-uagb-container uagb-block-c584b42a default uagb-is-root-container\">\n<div class=\"wp-block-uagb-info-box uagb-block-ffe5d344 uagb-infobox__content-wrap  uagb-infobox-icon-above-title uagb-infobox-image-valign-top wp-block-uagb-info-box--has-margin\"><div class=\"uagb-infobox-margin-wrapper\"><div class=\"uagb-ifb-content\"><div class=\"uagb-ifb-title-wrap\"><div class=\"uagb-ifb-separator\"><\/div><h2 class=\"uagb-ifb-title\">Sa\u011fl\u0131kl\u0131 ve Do\u011fal \u00dcr\u00fcnler \u0130\u00e7in Bize Kat\u0131l\u0131n<\/h2><\/div><p class=\"uagb-ifb-desc\">En iyi yerel ve organik \u00fcr\u00fcnleri almak i\u00e7in hemen harekete ge\u00e7in, sa\u011fl\u0131kl\u0131 ya\u015fam tarz\u0131n\u0131za ad\u0131m at\u0131n.<\/p><div class=\"uagb-ifb-button-wrapper wp-block-button\"><a href=\"\/index.php\/magaza\/\" class=\"uagb-infobox-cta-link wp-block-button__link\" target=\"_self\" rel=\"noopener noreferrer\" onclick=\"return true;\"><span class=\"uagb-inline-editing\">Al\u0131\u015fveri\u015fe Ba\u015fla<\/span><\/a><\/div><\/div><\/div><\/div>\n<\/div>\n\n\n\n<div class=\"wp-block-uagb-container uagb-block-32cd69d1 alignfull uagb-is-root-container\"><div class=\"uagb-container-inner-blocks-wrap\"><\/div><\/div>\n","protected":false},"excerpt":{"rendered":"<p>Hizmetlerimiz Do\u011fal \u00dcr\u00fcnlerle Sa\u011fl\u0131kl\u0131 Ya\u015fam\u0131na Ba\u015fla Neden Biz? 01 Do\u011fall\u0131k T\u00fcm \u00fcr\u00fcnlerimiz tamamen do\u011fal ve organik sertifikal\u0131d\u0131r. Sa\u011fl\u0131\u011f\u0131n\u0131z i\u00e7in en [&hellip;]<\/p>\n","protected":false},"author":1,"featured_media":0,"parent":0,"menu_order":0,"comment_status":"closed","ping_status":"closed","template":"","meta":{"_uag_custom_page_level_css":"","site-sidebar-layout":"default","site-content-layout":"","ast-site-content-layout":"default","site-content-style":"default","site-sidebar-style":"default","ast-global-header-display":"","ast-banner-title-visibility":"","ast-main-header-display":"","ast-hfb-above-header-display":"","ast-hfb-below-header-display":"","ast-hfb-mobile-header-display":"","site-post-title":"disabled","ast-breadcrumbs-content":"","ast-featured-img":"","footer-sml-layout":"","ast-disable-related-posts":"","theme-transparent-header-meta":"","adv-header-id-meta":"","stick-header-meta":"","header-above-stick-meta":"","header-main-stick-meta":"","header-below-stick-meta":"","astra-migrate-meta-layouts":"default","ast-page-background-enabled":"default","ast-page-background-meta":{"desktop":{"background-color":"var(--ast-global-color-4)","background-image":"","background-repeat":"repeat","background-position":"center center","background-size":"auto","background-attachment":"scroll","background-type":"","background-media":"","overlay-type":"","overlay-color":"","overlay-opacity":"","overlay-gradient":""},"tablet":{"background-color":"","background-image":"","background-repeat":"repeat","background-position":"center center","background-size":"auto","background-attachment":"scroll","background-type":"","background-media":"","overlay-type":"","overlay-color":"","overlay-opacity":"","overlay-gradient":""},"mobile":{"background-color":"","background-image":"","background-repeat":"repeat","background-position":"center center","background-size":"auto","background-attachment":"scroll","background-type":"","background-media":"","overlay-type":"","overlay-color":"","overlay-opacity":"","overlay-gradient":""}},"ast-content-background-meta":{"desktop":{"background-color":"var(--ast-global-color-5)","background-image":"","background-repeat":"repeat","background-position":"center center","background-size":"auto","background-attachment":"scroll","background-type":"","background-media":"","overlay-type":"","overlay-color":"","overlay-opacity":"","overlay-gradient":""},"tablet":{"background-color":"var(--ast-global-color-5)","background-image":"","background-repeat":"repeat","background-position":"center center","background-size":"auto","background-attachment":"scroll","background-type":"","background-media":"","overlay-type":"","overlay-color":"","overlay-opacity":"","overlay-gradient":""},"mobile":{"background-color":"var(--ast-global-color-5)","background-image":"","background-repeat":"repeat","background-position":"center center","background-size":"auto","background-attachment":"scroll","background-type":"","background-media":"","overlay-type":"","overlay-color":"","overlay-opacity":"","overlay-gradient":""}},"footnotes":""},"class_list":["post-15","page","type-page","status-publish","hentry"],"uagb_featured_image_src":{"full":false,"thumbnail":false,"medium":false,"medium_large":false,"large":false,"1536x1536":false,"2048x2048":false,"woocommerce_thumbnail":false,"woocommerce_single":false,"woocommerce_gallery_thumbnail":false},"uagb_author_info":{"display_name":"admin","author_link":"https:\/\/www.afiyetburada.com\/index.php\/author\/admin\/"},"uagb_comment_info":0,"uagb_excerpt":"Hizmetlerimiz Do\u011fal \u00dcr\u00fcnlerle Sa\u011fl\u0131kl\u0131 Ya\u015fam\u0131na Ba\u015fla Neden Biz? 01 Do\u011fall\u0131k T\u00fcm \u00fcr\u00fcnlerimiz tamamen do\u011fal ve organik sertifikal\u0131d\u0131r. Sa\u011fl\u0131\u011f\u0131n\u0131z i\u00e7in en [&hellip;]","_links":{"self":[{"href":"https:\/\/www.afiyetburada.com\/index.php\/wp-json\/wp\/v2\/pages\/15","targetHints":{"allow":["GET"]}}],"collection":[{"href":"https:\/\/www.afiyetburada.com\/index.php\/wp-json\/wp\/v2\/pages"}],"about":[{"href":"https:\/\/www.afiyetburada.com\/index.php\/wp-json\/wp\/v2\/types\/page"}],"author":[{"embeddable":true,"href":"https:\/\/www.afiyetburada.com\/index.php\/wp-json\/wp\/v2\/users\/1"}],"replies":[{"embeddable":true,"href":"https:\/\/www.afiyetburada.com\/index.php\/wp-json\/wp\/v2\/comments?post=15"}],"version-history":[{"count":6,"href":"https:\/\/www.afiyetburada.com\/index.php\/wp-json\/wp\/v2\/pages\/15\/revisions"}],"predecessor-version":[{"id":320,"href":"https:\/\/www.afiyetburada.com\/index.php\/wp-json\/wp\/v2\/pages\/15\/revisions\/320"}],"wp:attachment":[{"href":"https:\/\/www.afiyetburada.com\/index.php\/wp-json\/wp\/v2\/media?parent=15"}],"curies":[{"name":"wp","href":"https:\/\/api.w.org\/{rel}","templated":true}]}}